{"id":1359,"date":"2026-01-20T20:11:02","date_gmt":"2026-01-21T02:11:02","guid":{"rendered":"https:\/\/safespace.net\/?page_id=1359"},"modified":"2026-02-20T19:59:02","modified_gmt":"2026-02-21T01:59:02","slug":"donaciones","status":"publish","type":"page","link":"https:\/\/safespace.net\/?page_id=1359&lang=es","title":{"rendered":"Aportaciones"},"content":{"rendered":"\t\t<div data-elementor-type=\"wp-page\" data-elementor-id=\"1359\" class=\"elementor elementor-1359\" data-elementor-post-type=\"page\">\n\t\t\t\t\t\t<section class=\"elementor-section elementor-top-section elementor-element elementor-element-e4425d9 elementor-section-content-middle elementor-section-boxed elementor-section-height-default elementor-section-height-default\" data-id=\"e4425d9\" data-element_type=\"section\">\n\t\t\t\t\t\t<div class=\"elementor-container elementor-column-gap-default\">\n\t\t\t\t\t<div class=\"elementor-column elementor-col-100 elementor-top-column elementor-element elementor-element-267cdd9\" data-id=\"267cdd9\" data-element_type=\"column\">\n\t\t\t<div class=\"elementor-widget-wrap elementor-element-populated\">\n\t\t\t\t\t\t<div class=\"elementor-element elementor-element-c71e579 elementor-widget elementor-widget-image\" data-id=\"c71e579\" data-element_type=\"widget\" data-widget_type=\"image.default\">\n\t\t\t\t<div class=\"elementor-widget-container\">\n\t\t\t\t\t\t\t\t\t\t\t\t\t\t\t<img fetchpriority=\"high\" decoding=\"async\" width=\"181\" height=\"311\" src=\"https:\/\/safespace.net\/wp-content\/uploads\/2026\/01\/Donacion_info.png\" class=\"attachment-large size-large wp-image-1375\" alt=\"\" srcset=\"https:\/\/safespace.net\/wp-content\/uploads\/2026\/01\/Donacion_info.png 181w, https:\/\/safespace.net\/wp-content\/uploads\/2026\/01\/Donacion_info-175x300.png 175w\" sizes=\"(max-width: 181px) 100vw, 181px\" \/>\t\t\t\t\t\t\t\t\t\t\t\t\t\t\t<\/div>\n\t\t\t\t<\/div>\n\t\t\t\t<div class=\"elementor-element elementor-element-4cb21dd elementor-widget__width-auto elementor-widget elementor-widget-heading\" data-id=\"4cb21dd\" data-element_type=\"widget\" data-widget_type=\"heading.default\">\n\t\t\t\t<div class=\"elementor-widget-container\">\n\t\t\t\t\t<h1 class=\"elementor-heading-title elementor-size-default\">Hace cuatro a\u00f1os naci\u00f3 Safe Space <\/br> como un proyecto en colaboraci\u00f3n<\/h1>\t\t\t\t<\/div>\n\t\t\t\t<\/div>\n\t\t\t\t<div class=\"elementor-element elementor-element-7e72bd7 elementor-widget elementor-widget-text-editor\" data-id=\"7e72bd7\" data-element_type=\"widget\" data-widget_type=\"text-editor.default\">\n\t\t\t\t<div class=\"elementor-widget-container\">\n\t\t\t\t\t\t\t\t\t<p style=\"text-align: center;\">Con el tiempo, ese impulso inicial se fue abriendo y hoy somos muchas m\u00e1s personas quienes lo habitamos y disfrutamos d\u00eda a d\u00eda.<\/p>\n<p style=\"text-align: center;\">Hoy queremos dar un paso importante: sostener este espacio entre todxs, a partir de nuestras propias contribuciones, como la comunidad que somos. Creemos en un refugio que se cuida colectivamente, donde cada gesto suma y hace posible su continuidad.<\/p>\n<p style=\"text-align: center;\">Tu apoyo es valioso y siempre voluntario. Safe Space existe gracias a muchas personas que, desde distintos lugares, desean que este espacio contin\u00fae siendo un lugar de encuentro, pausa y cuidado.<\/p>\t\t\t\t\t\t\t\t<\/div>\n\t\t\t\t<\/div>\n\t\t\t\t<section class=\"elementor-section elementor-inner-section elementor-element elementor-element-7ebc2b5 elementor-section-full_width elementor-section-content-middle elementor-section-height-default elementor-section-height-default\" data-id=\"7ebc2b5\" data-element_type=\"section\">\n\t\t\t\t\t\t<div class=\"elementor-container elementor-column-gap-default\">\n\t\t\t\t\t<div class=\"elementor-column elementor-col-50 elementor-inner-column elementor-element elementor-element-68a9b94\" data-id=\"68a9b94\" data-element_type=\"column\">\n\t\t\t<div class=\"elementor-widget-wrap elementor-element-populated\">\n\t\t\t\t\t\t<div class=\"elementor-element elementor-element-13326a9 elementor-align-right elementor-mobile-align-center elementor-widget elementor-widget-button\" data-id=\"13326a9\" data-element_type=\"widget\" data-widget_type=\"button.default\">\n\t\t\t\t<div class=\"elementor-widget-container\">\n\t\t\t\t\t\t\t\t\t<div class=\"elementor-button-wrapper\">\n\t\t\t\t\t<a class=\"elementor-button elementor-button-link elementor-size-sm\" href=\"\/?page_id=1882&#038;lang=es\">\n\t\t\t\t\t\t<span class=\"elementor-button-content-wrapper\">\n\t\t\t\t\t\t\t\t\t<span class=\"elementor-button-text\">\u00bfQU\u00c9 ES SAFE SPACE?<\/span>\n\t\t\t\t\t<\/span>\n\t\t\t\t\t<\/a>\n\t\t\t\t<\/div>\n\t\t\t\t\t\t\t\t<\/div>\n\t\t\t\t<\/div>\n\t\t\t\t\t<\/div>\n\t\t<\/div>\n\t\t\t\t<div class=\"elementor-column elementor-col-50 elementor-inner-column elementor-element elementor-element-8298d5a\" data-id=\"8298d5a\" data-element_type=\"column\">\n\t\t\t<div class=\"elementor-widget-wrap elementor-element-populated\">\n\t\t\t\t\t\t<div class=\"elementor-element elementor-element-51aa47a elementor-align-left elementor-mobile-align-center elementor-widget-mobile__width-inherit elementor-widget elementor-widget-button\" data-id=\"51aa47a\" data-element_type=\"widget\" data-widget_type=\"button.default\">\n\t\t\t\t<div class=\"elementor-widget-container\">\n\t\t\t\t\t\t\t\t\t<div class=\"elementor-button-wrapper\">\n\t\t\t\t\t<a class=\"elementor-button elementor-button-link elementor-size-sm\" href=\"\/?page_id=1382&#038;lang=es\">\n\t\t\t\t\t\t<span class=\"elementor-button-content-wrapper\">\n\t\t\t\t\t\t\t\t\t<span class=\"elementor-button-text\">APOYA EL PROYECTO<\/span>\n\t\t\t\t\t<\/span>\n\t\t\t\t\t<\/a>\n\t\t\t\t<\/div>\n\t\t\t\t\t\t\t\t<\/div>\n\t\t\t\t<\/div>\n\t\t\t\t\t<\/div>\n\t\t<\/div>\n\t\t\t\t\t<\/div>\n\t\t<\/section>\n\t\t\t\t\t<\/div>\n\t\t<\/div>\n\t\t\t\t\t<\/div>\n\t\t<\/section>\n\t\t\t\t<\/div>\n\t\t","protected":false},"excerpt":{"rendered":"<p>Hace cuatro a\u00f1os naci\u00f3 Safe Space como un proyecto en colaboraci\u00f3n Con el tiempo, ese impulso inicial se fue abriendo y hoy somos muchas m\u00e1s personas quienes lo habitamos y disfrutamos d\u00eda a d\u00eda. Hoy queremos dar un paso importante: sostener este espacio entre todxs, a partir de nuestras propias contribuciones, como la comunidad que [&hellip;]<\/p>\n","protected":false},"author":12843,"featured_media":0,"parent":0,"menu_order":0,"comment_status":"closed","ping_status":"closed","template":"","meta":{"inline_featured_image":false,"footnotes":""},"class_list":["post-1359","page","type-page","status-publish","hentry"],"lang":"es","translations":{"es":1359,"en":1458},"pll_sync_post":{"es":true},"_links":{"self":[{"href":"https:\/\/safespace.net\/index.php?rest_route=\/wp\/v2\/pages\/1359","targetHints":{"allow":["GET"]}}],"collection":[{"href":"https:\/\/safespace.net\/index.php?rest_route=\/wp\/v2\/pages"}],"about":[{"href":"https:\/\/safespace.net\/index.php?rest_route=\/wp\/v2\/types\/page"}],"author":[{"embeddable":true,"href":"https:\/\/safespace.net\/index.php?rest_route=\/wp\/v2\/users\/12843"}],"replies":[{"embeddable":true,"href":"https:\/\/safespace.net\/index.php?rest_route=%2Fwp%2Fv2%2Fcomments&post=1359"}],"version-history":[{"count":94,"href":"https:\/\/safespace.net\/index.php?rest_route=\/wp\/v2\/pages\/1359\/revisions"}],"predecessor-version":[{"id":2543,"href":"https:\/\/safespace.net\/index.php?rest_route=\/wp\/v2\/pages\/1359\/revisions\/2543"}],"wp:attachment":[{"href":"https:\/\/safespace.net\/index.php?rest_route=%2Fwp%2Fv2%2Fmedia&parent=1359"}],"curies":[{"name":"wp","href":"https:\/\/api.w.org\/{rel}","templated":true}]}}