{"id":287,"date":"2021-10-21T10:41:22","date_gmt":"2021-10-21T15:41:22","guid":{"rendered":"http:\/\/safespace.net\/safe-space\/?page_id=287"},"modified":"2025-02-06T20:07:57","modified_gmt":"2025-02-07T02:07:57","slug":"sp-about","status":"publish","type":"page","link":"https:\/\/safespace.net\/?page_id=287&lang=es","title":{"rendered":"Safe Space &#8211; Acerca"},"content":{"rendered":"\t\t<div data-elementor-type=\"wp-page\" data-elementor-id=\"287\" class=\"elementor elementor-287\" data-elementor-post-type=\"page\">\n\t\t\t\t\t\t<section class=\"elementor-section elementor-top-section elementor-element elementor-element-8c800e9 elementor-section-height-min-height elementor-section-boxed elementor-section-height-default elementor-section-items-middle\" data-id=\"8c800e9\" data-element_type=\"section\">\n\t\t\t\t\t\t<div class=\"elementor-container elementor-column-gap-default\">\n\t\t\t\t\t<div class=\"elementor-column elementor-col-100 elementor-top-column elementor-element elementor-element-28078d6\" data-id=\"28078d6\" data-element_type=\"column\">\n\t\t\t<div class=\"elementor-widget-wrap elementor-element-populated\">\n\t\t\t\t\t\t<div class=\"elementor-element elementor-element-36b07d0 elementor-widget elementor-widget-text-editor\" data-id=\"36b07d0\" data-element_type=\"widget\" data-widget_type=\"text-editor.default\">\n\t\t\t\t<div class=\"elementor-widget-container\">\n\t\t\t\t\t\t\t\t\t<p class=\"p1\"><span class=\"s1\">La meditaci\u00f3n es una pr\u00e1ctica milenaria que usa la atenci\u00f3n y la respiraci\u00f3n para regular la energ\u00eda del cuerpo y la mente.<span class=\"Apple-converted-space\">\u00a0<\/span><\/span><\/p><p class=\"p2\"><span class=\"s1\">\u00a0<\/span><\/p><p class=\"p3\"><span class=\"s1\">Safe Space es una experiencia gratuita de meditaci\u00f3n guiada que sucede diariamente, creada por una comunidad que valora la desconexi\u00f3n a la hiper-conectividad. Creemos que desconectarnos, reconectarnos con la fuente universal que reside en nuestro interior y luego expresar en papel nuestras emociones y pensamientos son poderosas herramientas para generar cambios graduales pero profundamente transformativos en nuestras vidas.<span class=\"Apple-converted-space\">\u00a0<\/span><\/span><\/p><p class=\"p3\"><span class=\"s1\">\u00a0<\/span><\/p><p class=\"p3\"><span class=\"s1\">Nuestra respiraci\u00f3n y el sonido de nuestra voz son los medios para alcanzar una plena relajaci\u00f3n y autoconocimiento. Es una oportunidad para liberarnos de las exigencias y demandas de la hiper-conectividad y experimentar el momento presente. A trav\u00e9s de los sonidos de la pr\u00e1ctica ancestral Kototama alcanzamos un estado de profunda relajaci\u00f3n y auto-observaci\u00f3n.<\/span><\/p><p class=\"p3\"><span class=\"s1\">\u00a0<\/span><\/p><p class=\"p1\"><span class=\"s1\">Los sonido ancestrales de las vocales son un medio para elevar la frecuencia vibratoria de nuestro ser, pues cada c\u00e9lula tiene su propia vibraci\u00f3n, as\u00ed que la resonancia de ciertos sonidos activa nuestros recursos para desbloquear tensiones y volver a un estado armonioso de quietud, fortaleza y seguridad.<\/span><\/p><p class=\"p3\"><span class=\"s1\">\u00a0<\/span><\/p><p class=\"p3\"><span class=\"s1\">En Safe Space est\u00e1 estrictamente prohibido ingresar con celulares, c\u00e1maras o cualquier dispositivo conectado a internet.<\/span><\/p>\t\t\t\t\t\t\t\t<\/div>\n\t\t\t\t<\/div>\n\t\t\t\t\t<\/div>\n\t\t<\/div>\n\t\t\t\t\t<\/div>\n\t\t<\/section>\n\t\t\t\t<\/div>\n\t\t","protected":false},"excerpt":{"rendered":"<p>La meditaci\u00f3n es una pr\u00e1ctica milenaria que usa la atenci\u00f3n y la respiraci\u00f3n para regular la energ\u00eda del cuerpo y la mente.\u00a0 \u00a0 Safe Space es una experiencia gratuita de meditaci\u00f3n guiada que sucede diariamente, creada por una comunidad que valora la desconexi\u00f3n a la hiper-conectividad. Creemos que desconectarnos, reconectarnos con la fuente universal que [&hellip;]<\/p>\n","protected":false},"author":1,"featured_media":0,"parent":0,"menu_order":0,"comment_status":"closed","ping_status":"closed","template":"elementor_header_footer","meta":{"inline_featured_image":false,"footnotes":""},"class_list":["post-287","page","type-page","status-publish","hentry"],"lang":"es","translations":{"es":287,"en":301},"pll_sync_post":[],"_links":{"self":[{"href":"https:\/\/safespace.net\/index.php?rest_route=\/wp\/v2\/pages\/287","targetHints":{"allow":["GET"]}}],"collection":[{"href":"https:\/\/safespace.net\/index.php?rest_route=\/wp\/v2\/pages"}],"about":[{"href":"https:\/\/safespace.net\/index.php?rest_route=\/wp\/v2\/types\/page"}],"author":[{"embeddable":true,"href":"https:\/\/safespace.net\/index.php?rest_route=\/wp\/v2\/users\/1"}],"replies":[{"embeddable":true,"href":"https:\/\/safespace.net\/index.php?rest_route=%2Fwp%2Fv2%2Fcomments&post=287"}],"version-history":[{"count":47,"href":"https:\/\/safespace.net\/index.php?rest_route=\/wp\/v2\/pages\/287\/revisions"}],"predecessor-version":[{"id":1090,"href":"https:\/\/safespace.net\/index.php?rest_route=\/wp\/v2\/pages\/287\/revisions\/1090"}],"wp:attachment":[{"href":"https:\/\/safespace.net\/index.php?rest_route=%2Fwp%2Fv2%2Fmedia&parent=287"}],"curies":[{"name":"wp","href":"https:\/\/api.w.org\/{rel}","templated":true}]}}