{"id":289,"date":"2021-10-21T10:41:28","date_gmt":"2021-10-21T15:41:28","guid":{"rendered":"http:\/\/safespace.net\/safe-space\/?page_id=289"},"modified":"2025-02-27T16:55:26","modified_gmt":"2025-02-27T22:55:26","slug":"sp-why","status":"publish","type":"page","link":"https:\/\/safespace.net\/?page_id=289&lang=es","title":{"rendered":"Safe Space &#8211; \u00bfPor qu\u00e9?"},"content":{"rendered":"\t\t<div data-elementor-type=\"wp-page\" data-elementor-id=\"289\" class=\"elementor elementor-289\" data-elementor-post-type=\"page\">\n\t\t\t\t\t\t<section class=\"elementor-section elementor-top-section elementor-element elementor-element-8c800e9 elementor-section-height-min-height elementor-section-boxed elementor-section-height-default elementor-section-items-middle\" data-id=\"8c800e9\" data-element_type=\"section\">\n\t\t\t\t\t\t<div class=\"elementor-container elementor-column-gap-default\">\n\t\t\t\t\t<div class=\"elementor-column elementor-col-100 elementor-top-column elementor-element elementor-element-28078d6\" data-id=\"28078d6\" data-element_type=\"column\">\n\t\t\t<div class=\"elementor-widget-wrap elementor-element-populated\">\n\t\t\t\t\t\t<div class=\"elementor-element elementor-element-f87a51f elementor-widget elementor-widget-heading\" data-id=\"f87a51f\" data-element_type=\"widget\" data-widget_type=\"heading.default\">\n\t\t\t\t<div class=\"elementor-widget-container\">\n\t\t\t\t\t<h3 class=\"elementor-heading-title elementor-size-default\">Deja el celular, recupera tu libertad.<\/h3>\t\t\t\t<\/div>\n\t\t\t\t<\/div>\n\t\t\t\t<div class=\"elementor-element elementor-element-f82055e elementor-widget elementor-widget-text-editor\" data-id=\"f82055e\" data-element_type=\"widget\" data-widget_type=\"text-editor.default\">\n\t\t\t\t<div class=\"elementor-widget-container\">\n\t\t\t\t\t\t\t\t\t<p class=\"p1\"><span class=\"s1\">Actualmente, la conexi\u00f3n a internet y la conectividad de nuestros dispositivos parecieran ser el eje de todo. Las redes sociales, la multipantalla, la geolocalizaci\u00f3n, los smartphones, son los medios con los que nos ahora nos relacionamos.<\/span><\/p><p>Pero hay una diferencia importante entre conectividad y conexi\u00f3n: la conectividad se da en la tecnolog\u00eda, es la capacidad de un dispositivo de comunicarse con otro para intercambiar informaci\u00f3n. La conexi\u00f3n es humana, surge en nuestro interior y se da entre las personas. La conexi\u00f3n existe desde siempre, la conectividad desde hace muy poco, pero ha alcanzado a la mayor\u00eda de la gente.<\/p><p>El uso excesivo del celular y la constante conectividad cada d\u00eda nos generan mayor dependencia. Sentimos una necesidad casi compulsiva de estar en contacto, de recibir likes, de no \u201cdesconectarnos\u201d. Y no somos conscientes de que es una forma m\u00e1s de evasi\u00f3n que nos impide estar presentes. Adem\u00e1s, hay grandes intereses que se favorecen y son propulsores de esta dependencia. Nos exponemos a que se use nuestra informaci\u00f3n para el beneficio econ\u00f3mico de otros. Sin darnos cuenta, participamos en un juego de poder, donde el control lo tiene un enemigo invisible y din\u00e1mico, que cambia y se adapta a nuestras necesidades (o las crea).<\/p><p class=\"p1\"><span class=\"s1\">\u00a0<\/span><\/p><p class=\"p2\"><span class=\"s1\">As\u00ed, poco a poco, incrementamos el uso de nuestros dispositivos, incapaces de manejar el tiempo que invertimos en esta actividad. Adem\u00e1s, no tener celular nos genera ansiedad. Como si separarnos de las redes y se\u00f1ales nos hiciera perdernos del presente. De hecho, existe un t\u00e9rmino llamado nomofobia para describir el miedo irracional a estar sin celular o no poder utilizarlo.<\/span><\/p><p>Ante esta realidad multi-conectada, donde la dependencia al celular y la conectividad van en aumento, surge la urgencia de hacer una pausa, de vivir la experiencia de desprendernos de nuestras pantallas para enfocarnos en otro tipo de conexi\u00f3n, una con nuestro propio ser.<\/p>\t\t\t\t\t\t\t\t<\/div>\n\t\t\t\t<\/div>\n\t\t\t\t\t<\/div>\n\t\t<\/div>\n\t\t\t\t\t<\/div>\n\t\t<\/section>\n\t\t\t\t<\/div>\n\t\t","protected":false},"excerpt":{"rendered":"<p>Deja el celular, recupera tu libertad. Actualmente, la conexi\u00f3n a internet y la conectividad de nuestros dispositivos parecieran ser el eje de todo. Las redes sociales, la multipantalla, la geolocalizaci\u00f3n, los smartphones, son los medios con los que nos ahora nos relacionamos. Pero hay una diferencia importante entre conectividad y conexi\u00f3n: la conectividad se da [&hellip;]<\/p>\n","protected":false},"author":1,"featured_media":0,"parent":0,"menu_order":0,"comment_status":"closed","ping_status":"closed","template":"elementor_header_footer","meta":{"inline_featured_image":false,"footnotes":""},"class_list":["post-289","page","type-page","status-publish","hentry"],"lang":"es","translations":{"es":289,"en":303},"pll_sync_post":[],"_links":{"self":[{"href":"https:\/\/safespace.net\/index.php?rest_route=\/wp\/v2\/pages\/289","targetHints":{"allow":["GET"]}}],"collection":[{"href":"https:\/\/safespace.net\/index.php?rest_route=\/wp\/v2\/pages"}],"about":[{"href":"https:\/\/safespace.net\/index.php?rest_route=\/wp\/v2\/types\/page"}],"author":[{"embeddable":true,"href":"https:\/\/safespace.net\/index.php?rest_route=\/wp\/v2\/users\/1"}],"replies":[{"embeddable":true,"href":"https:\/\/safespace.net\/index.php?rest_route=%2Fwp%2Fv2%2Fcomments&post=289"}],"version-history":[{"count":89,"href":"https:\/\/safespace.net\/index.php?rest_route=\/wp\/v2\/pages\/289\/revisions"}],"predecessor-version":[{"id":1179,"href":"https:\/\/safespace.net\/index.php?rest_route=\/wp\/v2\/pages\/289\/revisions\/1179"}],"wp:attachment":[{"href":"https:\/\/safespace.net\/index.php?rest_route=%2Fwp%2Fv2%2Fmedia&parent=289"}],"curies":[{"name":"wp","href":"https:\/\/api.w.org\/{rel}","templated":true}]}}